base 2) to base 5.
-203034
-3012002 (base 4) to base 8
-30602
What is -192 (base 11) in base 3?
-22020
What is 3585 (base 10) in base 9?
4823
What is -10513 (base 10) in base 7?
-42436
What is 1132233 (base 4) in base 13?
29b5
What is 398c (base 15) in base 10?
12282
Convert 3140 (base 5) to base 9.
516
-4e7c (base 15) to base 3
-212000000
-1b8c (base 13) to base 6
-31152
Convert 10202 (base 4) to base 10.
290
What is 614 (base 9) in base 11?
414
Convert 34a (base 11) to base 5.
3132
Convert 464 (base 11) to base 3.
202112
Convert 990 (base 10) to base 6.
4330
Convert -30013 (base 4) to base 6.
-3331
603 (base 12) to base 4
31203
What is -515 (base 11) in base 13?
-38a
234545 (base 6) to base 16
5021
What is 42223 (base 8) in base 9?
26065
-331202 (base 4) to base 7
-14324
Convert 403234 (base 6) to base 15.
9681
Convert 200102 (base 4) to base 7.
6011
Convert 5b6 (base 12) to base 2.
1101011010
1000101101110011 (base 2) to base 9
53865
Convert 274 (base 11) to base 12.
22b
20c (base 16) to base 13
314
221244 (base 5) to base 14
2b3d
-d3c3 (base 14) to base 16
-8e4f
3333220 (base 4) to base 6
203424
Convert 106641 (base 7) to base 11.
13464
Convert 150 (base 7) to base 10.
84
Convert 11265 (base 8) to base 12.
2931
Convert -408 (base 13) to base 14.
-36c
2213 (base 9) to base 6
11320
-3534 (base 10) to base 3
-11211220
Convert -4ad (base 14) to base 7.
-2506
-312223 (base 4) to base 7
-13126
30131 (base 4) to base 11
665
What is a72a (base 14) in base 6?
341322
Convert 100101110111000 (base 2) to base 15.
5b24
What is 16d (base 16) in base 7?
1031
-2746 (base 12) to base 15
-1513
What is -1696 (base 14) in base 15?
-1302
Convert 10b5 (base 15) to base 8.
6731
Convert 100101000 (base 2) to base 9.
358
102221 (base 3) to base 11
273
What is -13 (base 4) in base 9?
-7
What is 54014 (base 9) in base 14?
d046
What is -425a3 (base 12) in base 8?
-252313
Convert 7572 (base 11) to base 10.
10001
Convert 861 (base 9) to base 15.
31d
Convert 11017 (base 8) to base 13.
2148
Convert 3963 (base 16) to base 11.
10046
What is -3268 (base 9) in base 3?
-10022022
-1224404 (base 5) to base 13
-aa54
2606 (base 10) to base 5
40411
-4b0 (base 13) to base 2
-1100110011
Convert 4145 (base 7) to base 9.
1885
Convert -5717 (base 14) to base 15.
-4728
Convert 2416 (base 13) to base 3.
20222111
Convert 17011 (base 13) to base 7.
242101
Convert 2bc (base 14) to base 11.
468
What is -7715 (base 8) in base 14?
-168d
What is -164 (base 13) in base 9?
-308
-1211112 (base 3) to base 2
-10100111001
What is 434344 (base 7) in base 15?
177a7
-35006 (base 9) to base 13
-a80c
What is -101101010 (base 2) in base 14?
-1bc
Convert -18e (base 15) to base 14.
-1b9
-223042 (base 5) to base 15
-2517
Convert -1252 (base 15) to base 12.
-2312
Convert -77 (base 15) to base 10.
-112
What is -437 (base 13) in base 2?
-1011010010
7caa (base 16) to base 12
16576
18a63 (base 14) to base 7
346653
What is 1392 (base 13) in base 8?
5407
Convert -340314 (base 5) to base 4.
-2322313
What is -414 (base 10) in base 3?
-120100
Convert 1001110100011001 (base 2) to base 3.
2001011112
What is -3215 (base 7) in base 13?
-698
What is -8d (base 16) in base 3?
-12020
Convert 21413 (base 5) to base 15.
68d
Convert a69 (base 16) to base 10.
2665
-1493 (base 10) to base 8
-2725
Convert 1d0a (base 14) to base 13.
254b
What is -2012201022 (base 3) in base 15?
-cd72
-1414 (base 5) to base 8
-352
Convert -1032333 (base 4) to base 8.
-11677
What is 43581 (base 9) in base 14?
a76d
-b00 (base 12) to base 14
-812
What is -1110111110010010 (base 2) in base 13?
-21bb9
What is -87484 (base 9) in base 14?
-171c3
What is 5531 (base 8) in base 14?
10b7
What is 24014 (base 5) in base 13?
a54
What is 5306 (base 8) in base 14?
1010
-399 (base 11) to base 2
-111010111
Convert -22134 (base 6) to base 9.
-4204
What is 88 (base 14) in base 15?
80
Convert -631 (base 12) to base 7.
-2425
Convert -508 (base 9) to base 7.
-1130
-4021 (base 6) to base 4
-31231
Convert -38045 (base 12) to base 15.
-17825
Convert -12135 (base 7) to base 11.
-2415
Convert -2416 (base 7) to base 3.
-1020011
-111011100011 (base 2) to base 3
-12020011
301 (base 15) to base 3
221001
What is 103216 (base 7) in base 4?
10120123
110344 (base 5) to base 10
3849
-71bc (base 13) to base 15
-49bd
Convert -21a5 (base 13) to base 11.
-3591
What is -10220010 (base 3) in base 6?
-21050
What is -1000110001100000 (base 2) in base 6?
-434212
Convert -122210 (base 3) to base 7.
-1254
Convert -10243 (base 5) to base 10.
-698
What is -1103 (base 15) in base 2?
-111000010011
810 (base 11) to base 10
979
What is 504 (base 7) in base 10?
249
Convert 1173 (base 9) to base 8.
1554
Convert 100010011011 (base 2) to base 8.
4233
11112102 (base 3) to base 15
ea5
181 (base 15) to base 6
1334
-1012030 (base 5) to base 7
-66102
What is 1b18 (base 14) in base 15?
16d2
-15701 (base 9) to base 3
-112210001
What is 86713 (base 10) in base 7?
510544
Convert 203 (base 8) to base 9.
155
Convert 110011101010110 (base 2) to base 15.
7c89
Convert 125060 (base 8) to base 2.
1010101000110000
Convert 1663 (base 9) to base 3.
1202010
-3462 (base 7) to base 8
-2365
3320032 (base 4) to base 8
37016
166 (base 10) to base 4
2212
Convert 4032 (base 5) to base 16.
205
-71167 (base 9) to base 4
-23123032
Convert 161 (base 14) to base 9.
342
Convert -a095 (base 15) to base 4.
-20101202
Convert 784 (base 10) to base 13.
484
What is 110210 (base 4) in base 10?
1316
What is -1e33 (base 15) in base 3?
-100000110
Convert -14e (base 16) to base 11.
-284
What is -3249 (base 10) in base 16?
-cb1
-1360 (base 11) to base 10
-1760
What is -b3 (base 15) in base 3?
-20020
-44a2 (base 15) to base 6
-151212
Convert 1441 (base 7) to base 3.
210001
768 (base 10) to base 8
1400
Convert -8ac7 (base 13) to base 14.
-711b
Convert -2005 (base 15) to base 4.
-1221203
Convert -a6 (base 13) to base 3.
-12001
8a8 (base 13) to base 10
1490
What is -1214 (base 12) in base 2?
-11111110000
4831 (base 12) to base 11
60a5
Convert 19b7 (base 13) to base 3.
12022021
Convert 13261 (base 9) to base 14.
33a5
What is -2995 (base 10) in base 3?
-11002221
Convert -203 (base 7) to base 8.
-145
Convert -1320 (base 6) to base 16.
-150
What is 1694 (base 16) in base 4?
1122110
What is 100110001100110 (base 2) in base 13?
8b96
4040 (base 6) to base 13
534
What is -13130 (base 4) in base 7?
-1250
-111011000010010 (base 2) to base 14
-b030
42001 (base 6) to base 2
1010111110001
What is 33055 (base 7) in base 11?
6240
What is 915 (base 15) in base 8?
3775
Convert 31a13 (base 11) to base 4.
23112032
-2d5 (base 15) to base 2
-1010001010
What is 7fd3 (base 16) in base 15?
9a68
-22e5 (base 15) to base 12
-435b
What is -31530 (base 6) in base 9?
-5810
Convert -649 (base 10) to base 11.
-540
What is -211230 (base 4) in base 3?
-10022100
-1202112 (base 3) to base 16
-503
Convert 431 (base 12) to base 11.
508
-475 (base 9) to base 13
-242
Convert 42115 (base 7) to base 9.
15171
Convert -1200 (base 9) to base 15.
-3e6
Convert 1000101111001110 (base 2) to base 11.
24987
-243232 (base 5) to base 7
-35541
Convert 17717 (base 8) to base 7.
32512
Convert 105030 (base 6) to base 9.
13150
Convert 1389 (base 16) to base 11.
3837
What is -904 (base 10) in base 6?
-4104
What is 13218 (base 9) in base 2?
10001011011111
a3 (base 11) to base 9
135
What is -5921 (base 11) in base 10?
-7767
1324 (base 6) to base 9
417
What is 2f28 (base 16) in base 3?
121120010
-dd (base 15) to base 2
-11010000
Convert -225 (base 9) to base 13.
-113
4400 (base 10) to base 11
3340
Convert -227 (base 11) to base 5.
-2041
-129 (base 16) to base 10
-297
-b647 (base 12) to base 8
-46727
10100101100000 (base 2) to base 16
2960
-222101 (base 3) to base 13
-42a
403 (base 6) to base 3
12110
What is 4912 (base 13) in base 7?
42046
3222 (base 5) to base 10
437
What is -344312 (base 5) in base 14?
-477b
What is 26 (base 15) in base 5?
121
-1774 (base 11) to base 9
-3080
-b25 (base 14) to base 3
-10000002
444a (base 13) to base 6
112034
Convert 1000100100000 (base 2) to base 8.
10440
Convert 1211200 (base 3) to base 2.
10100111101
Convert 452134 (base 6) to base 16.
94ba
323023 (base 4) to base 14
1547
Convert 24b (base 12) to base 15.
182
-24410 (base 7) to base 16
-18e9
-10101111000 (base 2) to base 5
-21